{"id":2510,"date":"2023-04-12T08:04:20","date_gmt":"2023-04-12T08:04:20","guid":{"rendered":"https:\/\/headroomx.de\/?page_id=2510"},"modified":"2023-04-21T07:38:10","modified_gmt":"2023-04-21T07:38:10","slug":"seitlicher-zugriff-zum-sinnlos-fach","status":"publish","type":"page","link":"https:\/\/headroomx.de\/?page_id=2510","title":{"rendered":"Das P\u00f6ssl-Sinnlos-Fach"},"content":{"rendered":"\n<p>Bei uns ist der Gaskasten links hinten unterm franz\u00f6sischem Bett, die Heizung links vorne unter dem Bett und dazwischen ein Fach mit einem Deckel. <\/p>\n\n\n\n<p>Nun hat es der weise Ratschluss bei P\u00f6ssl f\u00fcr angebracht gehalten, diesen Deckel nur dann \u00f6ffnen zu k\u00f6nnen, wenn das Bett weg ist.<br>Allerdings, wenn das Bett weg soll, wird es genau dahin verfrachtet (hochgestellt), wo sich dieser Deckel befindet! Also kommt man dann trotzdem nicht dran! Dazu m\u00fcsste man die Matratze und den Lattenrahmen auf das rechte Bett legen, dann ganz ganz lange Arme machen, den Deckel des Faches \u00f6ffnen&#8230;<\/p>\n\n\n\n<p>&#8230;und dann kommt man trotzdem nicht an den Kram, den das Fach ist ca. 90cm tief. Reinschauen kann man auch nicht, au\u00dfer man klettert \u00fcber die gestapelten Matratzen\/Lattenrost dr\u00fcber. <\/p>\n\n\n\n<p>Hurra, die Sinnlosigkeit dieser Konstruktion ist kaum zu \u00fcberbieten. Kurzum, ein toter Stauraum. Also muss da seitlich eine \u00d6ffnung rein, damit ein Zugang vom Kofferraum aus m\u00f6glich ist. Folglich: Ritze, ratze, s\u00e4gt ne L\u00fccke in die&#8230;<\/p>\n\n\n\n<p>Kurzum, mit Stichs\u00e4ge und ein wenig Willen wurde dort seitlich ein Loch ges\u00e4gt, wie nachfolgend zu sehen.<\/p>\n\n\n\n<figure class=\"wp-block-image size-large\"><img loading=\"lazy\" decoding=\"async\" width=\"1024\" height=\"768\" src=\"https:\/\/headroomx.de\/wp-content\/uploads\/2023\/04\/IMG_6666-1024x768.jpeg\" alt=\"\" class=\"wp-image-2511\" srcset=\"https:\/\/headroomx.de\/wp-content\/uploads\/2023\/04\/IMG_6666-1024x768.jpeg 1024w, https:\/\/headroomx.de\/wp-content\/uploads\/2023\/04\/IMG_6666-300x225.jpeg 300w, https:\/\/headroomx.de\/wp-content\/uploads\/2023\/04\/IMG_6666-768x576.jpeg 768w, https:\/\/headroomx.de\/wp-content\/uploads\/2023\/04\/IMG_6666-1536x1152.jpeg 1536w, https:\/\/headroomx.de\/wp-content\/uploads\/2023\/04\/IMG_6666.jpeg 1920w\" sizes=\"auto, (max-width: 1024px) 100vw, 1024px\" \/><\/figure>\n\n\n\n<p>Nun kann man auch bei geschlossenem Deckel und wenn das Bett drauf ist wenigstens durch den Kofferraum an das Fach.<\/p>\n\n\n\n<figure class=\"wp-block-image size-large\"><img loading=\"lazy\" decoding=\"async\" width=\"1024\" height=\"768\" src=\"https:\/\/headroomx.de\/wp-content\/uploads\/2023\/04\/IMG_6679-1024x768.jpeg\" alt=\"\" class=\"wp-image-2512\" srcset=\"https:\/\/headroomx.de\/wp-content\/uploads\/2023\/04\/IMG_6679-1024x768.jpeg 1024w, https:\/\/headroomx.de\/wp-content\/uploads\/2023\/04\/IMG_6679-300x225.jpeg 300w, https:\/\/headroomx.de\/wp-content\/uploads\/2023\/04\/IMG_6679-768x576.jpeg 768w, https:\/\/headroomx.de\/wp-content\/uploads\/2023\/04\/IMG_6679-1536x1152.jpeg 1536w, https:\/\/headroomx.de\/wp-content\/uploads\/2023\/04\/IMG_6679.jpeg 1920w\" sizes=\"auto, (max-width: 1024px) 100vw, 1024px\" \/><\/figure>\n\n\n\n<p>Ich wollte noch eine T\u00fcr davor machen, aber die h\u00e4usliche Rennleitung hat entschieden, dass dort keine T\u00fcr sein soll!<br>Der Grund ist simpel: In diesem Fach sind zus\u00e4tzliche Bettdecken verstaut (f\u00fcr unsere Enkel) und so ist gew\u00e4hrleistet, dass sie nicht stocken k\u00f6nnen, weil damit auch ausreichend Bel\u00fcftung vorhanden ist. Evtl. kommen noch zwei Gummistrapse davor oder ggf. eine Stoffabdeckung, die mit Tenax-Kn\u00f6pfen befestigt wird. Das wird die Zeit weisen.<\/p>\n\n\n\n<figure class=\"wp-block-image size-large\"><img loading=\"lazy\" decoding=\"async\" width=\"1024\" height=\"763\" src=\"https:\/\/headroomx.de\/wp-content\/uploads\/2023\/04\/IMG_6691-1024x763.jpeg\" alt=\"\" class=\"wp-image-2513\" srcset=\"https:\/\/headroomx.de\/wp-content\/uploads\/2023\/04\/IMG_6691-1024x763.jpeg 1024w, https:\/\/headroomx.de\/wp-content\/uploads\/2023\/04\/IMG_6691-300x224.jpeg 300w, https:\/\/headroomx.de\/wp-content\/uploads\/2023\/04\/IMG_6691-768x572.jpeg 768w, https:\/\/headroomx.de\/wp-content\/uploads\/2023\/04\/IMG_6691-1536x1145.jpeg 1536w, https:\/\/headroomx.de\/wp-content\/uploads\/2023\/04\/IMG_6691.jpeg 1920w\" sizes=\"auto, (max-width: 1024px) 100vw, 1024px\" \/><\/figure>\n\n\n\n<p>Nun, auch so muss man in den Kofferraum krabbeln, um an da Fach zu kommen, aber man muss das Bett nicht mehr zerlegen.<\/p>\n\n\n\n<p>Vielleicht noch ein Hinweis:<br>Der T\u00fcrausschnitt wurde auf der R\u00fcckseite rechts sowie an der T\u00fcrunterkante mit einer 2 x 2cm starken Buchenholzleiste verst\u00e4rkt.<\/p>\n","protected":false},"excerpt":{"rendered":"<p>Bei uns ist der Gaskasten links hinten unterm franz\u00f6sischem Bett, die Heizung links vorne unter dem Bett und dazwischen ein Fach mit einem Deckel. Nun hat es der weise Ratschluss bei P\u00f6ssl f\u00fcr angebracht gehalten, diesen Deckel nur dann \u00f6ffnen zu k\u00f6nnen, wenn das Bett weg ist.Allerdings, wenn das Bett weg soll, wird es genau [&hellip;]<\/p>\n","protected":false},"author":1,"featured_media":0,"parent":0,"menu_order":0,"comment_status":"closed","ping_status":"closed","template":"","meta":{"footnotes":""},"class_list":["post-2510","page","type-page","status-publish","czr-hentry"],"_links":{"self":[{"href":"https:\/\/headroomx.de\/index.php?rest_route=\/wp\/v2\/pages\/2510","targetHints":{"allow":["GET"]}}],"collection":[{"href":"https:\/\/headroomx.de\/index.php?rest_route=\/wp\/v2\/pages"}],"about":[{"href":"https:\/\/headroomx.de\/index.php?rest_route=\/wp\/v2\/types\/page"}],"author":[{"embeddable":true,"href":"https:\/\/headroomx.de\/index.php?rest_route=\/wp\/v2\/users\/1"}],"replies":[{"embeddable":true,"href":"https:\/\/headroomx.de\/index.php?rest_route=%2Fwp%2Fv2%2Fcomments&post=2510"}],"version-history":[{"count":6,"href":"https:\/\/headroomx.de\/index.php?rest_route=\/wp\/v2\/pages\/2510\/revisions"}],"predecessor-version":[{"id":2640,"href":"https:\/\/headroomx.de\/index.php?rest_route=\/wp\/v2\/pages\/2510\/revisions\/2640"}],"wp:attachment":[{"href":"https:\/\/headroomx.de\/index.php?rest_route=%2Fwp%2Fv2%2Fmedia&parent=2510"}],"curies":[{"name":"wp","href":"https:\/\/api.w.org\/{rel}","templated":true}]}}