{"id":2840,"date":"2023-09-25T08:50:29","date_gmt":"2023-09-25T08:50:29","guid":{"rendered":"https:\/\/headroomx.de\/?page_id=2840"},"modified":"2024-08-31T12:42:48","modified_gmt":"2024-08-31T12:42:48","slug":"nachruestungen","status":"publish","type":"page","link":"https:\/\/headroomx.de\/?page_id=2840","title":{"rendered":"Nachr\u00fcstungen"},"content":{"rendered":"\n<p>Nunja, nicht alles, was man so braucht, muss man neu erfinden. Es gibt auch viele konfektionierte L\u00f6sungen, die zu einem Problem passen, oder f\u00fcr ganz etwas anderes gedacht waren, aber die Zwecke in einem Wohnmobil bestens erf\u00fcllen.<\/p>\n\n\n\n<ul class=\"wp-block-list\">\n<li><a href=\"https:\/\/headroomx.de\/?page_id=2489\">Regenrinne mit Beleuchtung anbringen<\/a><\/li>\n\n\n\n<li><a href=\"https:\/\/headroomx.de\/?page_id=2525\">Fahrwerk und Reifen optimieren (Federn\/Reifen)<\/a><\/li>\n\n\n\n<li><a href=\"https:\/\/headroomx.de\/?page_id=2530\">Freistufe (Au\u00dfentrittstufe) nachr\u00fcsten<\/a><\/li>\n\n\n\n<li><a href=\"https:\/\/headroomx.de\/?page_id=2864\">DAB+ nachr\u00fcsten<\/a><\/li>\n\n\n\n<li><a href=\"https:\/\/headroomx.de\/?page_id=2933\" data-type=\"page\" data-id=\"2933\">Anh\u00e4ngerkupplung nachr\u00fcsten<\/a><\/li>\n\n\n\n<li><a href=\"https:\/\/headroomx.de\/?page_id=2989\" data-type=\"page\" data-id=\"2989\">Travelmate Gas-Tankflaschen von ALUGAS<\/a><\/li>\n\n\n\n<li><a href=\"https:\/\/headroomx.de\/?page_id=3162\" data-type=\"page\" data-id=\"3162\">Auslastung auf 4 Tonnen mit ZLF<\/a><\/li>\n<\/ul>\n","protected":false},"excerpt":{"rendered":"<p>Nunja, nicht alles, was man so braucht, muss man neu erfinden. Es gibt auch viele konfektionierte L\u00f6sungen, die zu einem Problem passen, oder f\u00fcr ganz etwas anderes gedacht waren, aber die Zwecke in einem Wohnmobil bestens erf\u00fcllen.<\/p>\n","protected":false},"author":1,"featured_media":0,"parent":0,"menu_order":0,"comment_status":"closed","ping_status":"closed","template":"","meta":{"footnotes":""},"class_list":["post-2840","page","type-page","status-publish","czr-hentry"],"_links":{"self":[{"href":"https:\/\/headroomx.de\/index.php?rest_route=\/wp\/v2\/pages\/2840","targetHints":{"allow":["GET"]}}],"collection":[{"href":"https:\/\/headroomx.de\/index.php?rest_route=\/wp\/v2\/pages"}],"about":[{"href":"https:\/\/headroomx.de\/index.php?rest_route=\/wp\/v2\/types\/page"}],"author":[{"embeddable":true,"href":"https:\/\/headroomx.de\/index.php?rest_route=\/wp\/v2\/users\/1"}],"replies":[{"embeddable":true,"href":"https:\/\/headroomx.de\/index.php?rest_route=%2Fwp%2Fv2%2Fcomments&post=2840"}],"version-history":[{"count":6,"href":"https:\/\/headroomx.de\/index.php?rest_route=\/wp\/v2\/pages\/2840\/revisions"}],"predecessor-version":[{"id":3283,"href":"https:\/\/headroomx.de\/index.php?rest_route=\/wp\/v2\/pages\/2840\/revisions\/3283"}],"wp:attachment":[{"href":"https:\/\/headroomx.de\/index.php?rest_route=%2Fwp%2Fv2%2Fmedia&parent=2840"}],"curies":[{"name":"wp","href":"https:\/\/api.w.org\/{rel}","templated":true}]}}