{"id":3117,"date":"2024-04-02T20:37:40","date_gmt":"2024-04-02T20:37:40","guid":{"rendered":"https:\/\/headroomx.de\/?page_id=3117"},"modified":"2024-04-02T20:40:36","modified_gmt":"2024-04-02T20:40:36","slug":"fussauflage-in-der-dinette","status":"publish","type":"page","link":"https:\/\/headroomx.de\/?page_id=3117","title":{"rendered":"Fu\u00dfauflage in der Dinette"},"content":{"rendered":"\n<p>Meine Frau w\u00fcnschte sich eine Ablage unter dem Dinettentisch. Um einerseits den Aufwand gering, aber die Wirkung maximal zu gestalten, habe ich einen Unterbau gemacht, der mit den Systemhaken an der unteren Schiene des Dinettentisches eingeh\u00e4ngt wird. Diese Schien wird nur gebraucht, wenn man die Dinette zum Bett umbauen m\u00f6chte. Das ist bei uns nur der Fall, wenn Enkelkinder dabei sind und dann kann man das Teil einfach zu Hause lassen. Hier ein paar Bilder des Unterbaus. Er wurde mit zwei F\u00fc\u00dfen verst\u00e4rkt. Diese sind so angebracht, dass das &#8222;Kellerfach&#8220; (Hundefutterlager) immer noch ge\u00f6ffnete werden kann. <\/p>\n\n\n\n<figure class=\"wp-block-image size-large\"><img loading=\"lazy\" decoding=\"async\" width=\"768\" height=\"1024\" src=\"https:\/\/headroomx.de\/wp-content\/uploads\/2024\/04\/IMG_9730-768x1024.jpeg\" alt=\"\" class=\"wp-image-3118\" srcset=\"https:\/\/headroomx.de\/wp-content\/uploads\/2024\/04\/IMG_9730-768x1024.jpeg 768w, https:\/\/headroomx.de\/wp-content\/uploads\/2024\/04\/IMG_9730-225x300.jpeg 225w, https:\/\/headroomx.de\/wp-content\/uploads\/2024\/04\/IMG_9730-1152x1536.jpeg 1152w, https:\/\/headroomx.de\/wp-content\/uploads\/2024\/04\/IMG_9730.jpeg 1200w\" sizes=\"auto, (max-width: 768px) 100vw, 768px\" \/><figcaption class=\"wp-element-caption\">Es fehlt noch die Kantenbehandlung und das Polster. <\/figcaption><\/figure>\n\n\n\n<p>Da ich sowieso selten auf dem Fahrersitz sitze, ist es auch keine Einschr\u00e4nkung f\u00fcr mich bzw. meine Beine. <\/p>\n\n\n\n<p>Meine Frau wird ein passendes Polster anfertigen, das mit Klebeband auf dem Unterbau befestigt wird. Wenn es fertig ist, gibt es Bilder&#8230;<\/p>\n","protected":false},"excerpt":{"rendered":"<p>Meine Frau w\u00fcnschte sich eine Ablage unter dem Dinettentisch. Um einerseits den Aufwand gering, aber die Wirkung maximal zu gestalten, habe ich einen Unterbau gemacht, der mit den Systemhaken an der unteren Schiene des Dinettentisches eingeh\u00e4ngt wird. Diese Schien wird nur gebraucht, wenn man die Dinette zum Bett umbauen m\u00f6chte. Das ist bei uns nur [&hellip;]<\/p>\n","protected":false},"author":1,"featured_media":0,"parent":0,"menu_order":0,"comment_status":"closed","ping_status":"closed","template":"","meta":{"footnotes":""},"class_list":["post-3117","page","type-page","status-publish","czr-hentry"],"_links":{"self":[{"href":"https:\/\/headroomx.de\/index.php?rest_route=\/wp\/v2\/pages\/3117","targetHints":{"allow":["GET"]}}],"collection":[{"href":"https:\/\/headroomx.de\/index.php?rest_route=\/wp\/v2\/pages"}],"about":[{"href":"https:\/\/headroomx.de\/index.php?rest_route=\/wp\/v2\/types\/page"}],"author":[{"embeddable":true,"href":"https:\/\/headroomx.de\/index.php?rest_route=\/wp\/v2\/users\/1"}],"replies":[{"embeddable":true,"href":"https:\/\/headroomx.de\/index.php?rest_route=%2Fwp%2Fv2%2Fcomments&post=3117"}],"version-history":[{"count":2,"href":"https:\/\/headroomx.de\/index.php?rest_route=\/wp\/v2\/pages\/3117\/revisions"}],"predecessor-version":[{"id":3122,"href":"https:\/\/headroomx.de\/index.php?rest_route=\/wp\/v2\/pages\/3117\/revisions\/3122"}],"wp:attachment":[{"href":"https:\/\/headroomx.de\/index.php?rest_route=%2Fwp%2Fv2%2Fmedia&parent=3117"}],"curies":[{"name":"wp","href":"https:\/\/api.w.org\/{rel}","templated":true}]}}