{"id":5174,"date":"2026-04-15T10:46:29","date_gmt":"2026-04-15T08:46:29","guid":{"rendered":"https:\/\/headroomx.de\/?page_id=5174"},"modified":"2026-04-15T10:46:29","modified_gmt":"2026-04-15T08:46:29","slug":"macs","status":"publish","type":"page","link":"https:\/\/headroomx.de\/?page_id=5174","title":{"rendered":"Macs"},"content":{"rendered":"\n<p>Ab 2006 habe ich mich mit Macs angefangen zu besch\u00e4ftigen. <\/p>\n\n\n\n<figure class=\"wp-block-image size-large is-resized\"><img loading=\"lazy\" decoding=\"async\" width=\"1024\" height=\"768\" src=\"https:\/\/headroomx.de\/wp-content\/uploads\/2026\/04\/DSC00029-1024x768.jpeg\" alt=\"\" class=\"wp-image-5176\" style=\"width:400px\" srcset=\"https:\/\/headroomx.de\/wp-content\/uploads\/2026\/04\/DSC00029-1024x768.jpeg 1024w, https:\/\/headroomx.de\/wp-content\/uploads\/2026\/04\/DSC00029-300x225.jpeg 300w, https:\/\/headroomx.de\/wp-content\/uploads\/2026\/04\/DSC00029-768x576.jpeg 768w, https:\/\/headroomx.de\/wp-content\/uploads\/2026\/04\/DSC00029-1536x1152.jpeg 1536w, https:\/\/headroomx.de\/wp-content\/uploads\/2026\/04\/DSC00029.jpeg 2048w\" sizes=\"auto, (max-width: 1024px) 100vw, 1024px\" \/><\/figure>\n\n\n\n<p>Zuerst mit einem iMac 24 Core2Duo 2,16. Im Hinterkopf hatte ich, dass ich ja dort jederzeit mit Bootcamp parallel Windows installieren kann. Das habe ich auch gemacht. Nachdem ich irgendwann feststellte, dass ich Windows nicht mehr nutze, hab ich es ganz runtergeworfen.<\/p>\n\n\n\n<p>Des weiteren hat mich nat\u00fcrlich als ehemaliger Casemodder\/Caseconstructor das Design fasziniert. So habe ich mir im Laufe der Zeit eine Menge Macs zugelegt, repariert, hochger\u00fcstet und auch wieder abgegeben.<\/p>\n\n\n\n<p>Die ganzen Macbooks z\u00e4hle ich hier nicht auf, das sind reine Arbeitsger\u00e4te, die ich t\u00e4glich brauche.<\/p>\n\n\n\n<p>Also nur Desktops. Im Besitz habe ich noch folgende (im Laufe des Jahres werde ich die einzelnen Macs hier einzeln vorstellen):<\/p>\n\n\n\n<ul class=\"wp-block-list\">\n<li>PowerMac G3 350 MHz @ 1 GHz blue&amp;white &#8222;Schlumpf&#8220; (1999) Leistungssteigerung per PowerLogix-Modul, EBAY (ohne PowerLogix, das habe ich aus den USA besorgt)<\/li>\n\n\n\n<li>PowerMac G4 &#8222;Cube&#8220; 450 MHz mit Studiodisplay 17&#8243; (2000), EBAY<\/li>\n\n\n\n<li>PowerMac G4 &#8222;Cube&#8220; 450 MHz @ 1,5 GHz (2000) Leistungssteigerung per PowerLogix-Modul, EBAY (ohne PowerLogix, das habe ich aus den USA besorgt)<\/li>\n\n\n\n<li>PowerMac G4 2 x 867 MHz &#8222;Mirror Drive Doors&#8220; (2002) aus einer Klinik gekauft via EBAY<\/li>\n\n\n\n<li>iMac 24&#8243; Core2Duo 2,16 GHz (2006), Neukauf<\/li>\n\n\n\n<li>MacPro 2 x Xeon E5 2 GHz &#8222;K\u00e4sereibe&#8220; (2006), EBAY<\/li>\n\n\n\n<li>MacPro Xeon E5 8-core 3 GHz &#8222;Tonne&#8220; (2018), Kleinanzeigen<\/li>\n<\/ul>\n\n\n\n<p>Rausgeflogen sind folgende, weil ich bessere Varianten erstand oder einfach ein neuer Arbeitsrechner her musste:<\/p>\n\n\n\n<ul class=\"wp-block-list\">\n<li>iMac G3 500MHz (2003) in dunkelblau von einer Fluglinie billig gekauft, den hat meine Tochter bekommen. <\/li>\n\n\n\n<li>iMac 17&#8243; Intel Core2Duo 1,83 (Bj 2006) Klavierlack wei\u00df, Neukauf, nach Nutzung verkauft<\/li>\n\n\n\n<li>PowerMac G3 300MHz blue&amp;white &#8222;Schlumpf&#8220; (1999) aus einer Klinik geschenkt bekommen, den habe ich an einen Bastler verschenkt<\/li>\n\n\n\n<li>PowerMac G4 400MHz &#8222;AGP-Grafik&#8220; (1999) aus einer Klinik geschenkt bekommen, den habe ich auch an einen Bekannten verschenkt<\/li>\n\n\n\n<li>PowerMac G4 2x450MHz &#8222;Gigabit Ethernet&#8220; (2000) aus einer Klinik geschenkt bekommen, den habe ich an einen Bekannten verschenkt<\/li>\n\n\n\n<li>PowerMac G4 733MHz Quicksilver&#8220; (2001) EBAY, wurde ausgeschlachtet, verschenkt und zur Restverwertung<\/li>\n\n\n\n<li>iMac Retina 4k core i5 &#8211; 21,5&#8243; (2015) Neukauf, Alugeh\u00e4use, nach Nutzung verkauft<\/li>\n<\/ul>\n\n\n\n<p>Das mit der Klinik hatte folgenden Grund: Ich hatte bei EBAY von denen einen Mac ersteigert zu einem guten Preis. Als ich ihn abholte standen noch einige Macs in verschiedenen Zerfallsstadien rum. Ich fragte was er damit mache und er sagte, die k\u00e4men in den M\u00fcll, aber wenn ich wolle, k\u00f6nne ich sie geschenkt haben. Und schon waren sie eingeladen&#8230;<\/p>\n","protected":false},"excerpt":{"rendered":"<p>Ab 2006 habe ich mich mit Macs angefangen zu besch\u00e4ftigen. Zuerst mit einem iMac 24 Core2Duo 2,16. Im Hinterkopf hatte ich, dass ich ja dort jederzeit mit Bootcamp parallel Windows installieren kann. Das habe ich auch gemacht. Nachdem ich irgendwann feststellte, dass ich Windows nicht mehr nutze, hab ich es ganz runtergeworfen. Des weiteren hat [&hellip;]<\/p>\n","protected":false},"author":1,"featured_media":0,"parent":0,"menu_order":0,"comment_status":"closed","ping_status":"closed","template":"","meta":{"footnotes":""},"class_list":["post-5174","page","type-page","status-publish","czr-hentry"],"_links":{"self":[{"href":"https:\/\/headroomx.de\/index.php?rest_route=\/wp\/v2\/pages\/5174","targetHints":{"allow":["GET"]}}],"collection":[{"href":"https:\/\/headroomx.de\/index.php?rest_route=\/wp\/v2\/pages"}],"about":[{"href":"https:\/\/headroomx.de\/index.php?rest_route=\/wp\/v2\/types\/page"}],"author":[{"embeddable":true,"href":"https:\/\/headroomx.de\/index.php?rest_route=\/wp\/v2\/users\/1"}],"replies":[{"embeddable":true,"href":"https:\/\/headroomx.de\/index.php?rest_route=%2Fwp%2Fv2%2Fcomments&post=5174"}],"version-history":[{"count":4,"href":"https:\/\/headroomx.de\/index.php?rest_route=\/wp\/v2\/pages\/5174\/revisions"}],"predecessor-version":[{"id":5186,"href":"https:\/\/headroomx.de\/index.php?rest_route=\/wp\/v2\/pages\/5174\/revisions\/5186"}],"wp:attachment":[{"href":"https:\/\/headroomx.de\/index.php?rest_route=%2Fwp%2Fv2%2Fmedia&parent=5174"}],"curies":[{"name":"wp","href":"https:\/\/api.w.org\/{rel}","templated":true}]}}